
{"id":7757,"date":"2024-10-17T09:14:49","date_gmt":"2024-10-17T09:14:49","guid":{"rendered":"https:\/\/lisbonproperty.com\/fr\/maisons\/appartement-a-vendre-a-infante-residence-estrela-lisbonne-25\/"},"modified":"2026-02-23T18:29:57","modified_gmt":"2026-02-23T18:29:57","slug":"appartement-a-vendre-a-infante-residence-estrela-lisbonne-are32171","status":"publish","type":"homes","link":"https:\/\/lisbonproperty.com\/fr\/maisons\/appartement-a-vendre-a-infante-residence-estrela-lisbonne-are32171\/","title":{"rendered":"Appartement 2 chambres \u00e0 vendre \u00e0 Infante Residence, Estrela, Lisbonne &bull; ARE32171"},"content":{"rendered":"<p><a href=\"https:\/\/lisbonproperty.com\/fr\/maisons\/appartements\/\">Appartement<\/a> \u00e0 vendre \u00e0 <a href=\"https:\/\/lisbonproperty.com\/fr\/maisons\/estrela\/\">Estrela<\/a>, <a href=\"https:\/\/lisbonproperty.com\/fr\/maisons\/lisbonne\/\">Lisbonne<\/a>, Grand Lisbonne, Portugal, avec 2 chambres et vue rivi\u00e8re. Immeuble r\u00e9sidentiel Premium. Cet appartement de plain-pied est situ\u00e9 au huiti\u00e8me \u00e9tage de l&#8217;<a href=\"https:\/\/lisbonproperty.com\/fr\/amenagements\/infante-residence\/\">Infante Residence<\/a>. Il dispose d&#8217;une surface int\u00e9rieure de 115,85 m\u00b2, offrant un espace de vie confortable et moderne. Construit en 2025, l&#8217;appartement b\u00e9n\u00e9ficie d&#8217;une orientation est, maximisant la lumi\u00e8re naturelle tout au long de la journ\u00e9e.<\/p>\n<p>L&#8217;appartement comprend 3 salles de bains et est \u00e9quip\u00e9 d&#8217;une piscine ext\u00e9rieure, id\u00e9ale pour se d\u00e9tendre pendant les mois chauds. Bien que le jardin ne soit pas inclus, l&#8217;appartement compense par la pr\u00e9sence d&#8217;un garage pouvant accueillir une voiture. Les panneaux solaires install\u00e9s pour le chauffage de l&#8217;eau contribuent \u00e0 l&#8217;efficacit\u00e9 \u00e9nerg\u00e9tique, class\u00e9e A, ce qui est excellent et peut souvent \u00eatre am\u00e9lior\u00e9 avec des mises \u00e0 jour mineures.<\/p>\n<p>La propri\u00e9t\u00e9 est en pleine propri\u00e9t\u00e9, assurant une tranquillit\u00e9 d&#8217;esprit totale pour l&#8217;acheteur. Le prix demand\u00e9 pour cet appartement est \u20ac 975 000.<\/p>\n","protected":false},"featured_media":10648,"template":"","meta":[],"class_list":["post-7757","homes","type-homes","status-publish","has-post-thumbnail","hentry"],"_links":{"self":[{"href":"https:\/\/lisbonproperty.com\/fr\/wp-json\/wp\/v2\/homes\/7757","targetHints":{"allow":["GET"]}}],"collection":[{"href":"https:\/\/lisbonproperty.com\/fr\/wp-json\/wp\/v2\/homes"}],"about":[{"href":"https:\/\/lisbonproperty.com\/fr\/wp-json\/wp\/v2\/types\/homes"}],"wp:featuredmedia":[{"embeddable":true,"href":"https:\/\/lisbonproperty.com\/fr\/wp-json\/wp\/v2\/media\/10648"}],"wp:attachment":[{"href":"https:\/\/lisbonproperty.com\/fr\/wp-json\/wp\/v2\/media?parent=7757"}],"curies":[{"name":"wp","href":"https:\/\/api.w.org\/{rel}","templated":true}]}}

Appartement 2 chambres à vendre à Infante Residence, Estrela, Lisbonne &bull; ARE32171

<p><a href="https://lisbonproperty.com/fr/maisons/appartements/">Appartement</a> à vendre à <a href="https://lisbonproperty.com/fr/maisons/estrela/">Estrela</a>, <a href="https://lisbonproperty.com/fr/maisons/lisbonne/">Lisbonne</a>, Grand Lisbonne, Portugal, avec 2 chambres et vue rivière. Immeuble résidentiel Premium. Cet appartement de plain-pied est situé au huitième étage de l&#8217;<a href="https://lisbonproperty.com/fr/amenagements/infante-residence/">Infante Residence</a>. Il dispose d&#8217;une surface intérieure de 115,85 m², offrant un espace de vie confortable et moderne. Construit en 2025, l&#8217;appartement bénéficie d&#8217;une orientation est, maximisant la lumière naturelle tout au long de la journée.</p>
<p>L&#8217;appartement comprend 3 salles de bains et est équipé d&#8217;une piscine extérieure, idéale pour se détendre pendant les mois chauds. Bien que le jardin ne soit pas inclus, l&#8217;appartement compense par la présence d&#8217;un garage pouvant accueillir une voiture. Les panneaux solaires installés pour le chauffage de l&#8217;eau contribuent à l&#8217;efficacité énergétique, classée A, ce qui est excellent et peut souvent être amélioré avec des mises à jour mineures.</p>
<p>La propriété est en pleine propriété, assurant une tranquillité d&#8217;esprit totale pour l&#8217;acheteur. Le prix demandé pour cet appartement est € 975 000.</p>
