
{"id":36976,"date":"2025-11-04T12:20:19","date_gmt":"2025-11-04T12:20:19","guid":{"rendered":"https:\/\/lisbonproperty.com\/fr\/maisons\/appartement-1-chambre-a-vendre-a-pedras-negras-house-ando-living-alfama-lisbonne-4\/"},"modified":"2026-02-23T18:42:19","modified_gmt":"2026-02-23T18:42:19","slug":"appartement-1-chambre-a-vendre-a-pedras-negras-house-ando-living-alfama-lisbonne-are39596","status":"publish","type":"homes","link":"https:\/\/lisbonproperty.com\/fr\/maisons\/appartement-1-chambre-a-vendre-a-pedras-negras-house-ando-living-alfama-lisbonne-are39596\/","title":{"rendered":"Appartement 1 chambre \u00e0 vendre \u00e0 Pedras Negras House &#8211; Ando Living, Alfama, Lisbonne &bull; ARE39596"},"content":{"rendered":"<p><a href=\"https:\/\/lisbonproperty.com\/fr\/maisons\/appartements\/\">Appartement<\/a> \u00e0 vendre dans <a href=\"https:\/\/lisbonproperty.com\/fr\/maisons\/alfama\/\">Alfama<\/a>, <a href=\"https:\/\/lisbonproperty.com\/fr\/maisons\/lisbonne\/\">Lisbonne<\/a>, Greater Lisbon, Portugal, avec 1 chambre et vue ville. Immeuble r\u00e9sidentiel Premium. Cet appartement de plain-pied est situ\u00e9 au deuxi\u00e8me \u00e9tage et offre une surface int\u00e9rieure de 88 m\u00b2. Construit en 2027, il b\u00e9n\u00e9ficie d&#8217;une orientation ouest, maximisant l&#8217;ensoleillement naturel. <\/p>\n<p>L&#8217;appartement comprend une piscine ext\u00e9rieure et un jardin, offrant des espaces ext\u00e9rieurs agr\u00e9ables pour se d\u00e9tendre. Les panneaux solaires install\u00e9s pour le chauffage de l&#8217;eau contribuent \u00e0 l&#8217;efficacit\u00e9 \u00e9nerg\u00e9tique, class\u00e9e avec une bonne efficacit\u00e9, et peuvent souvent \u00eatre am\u00e9lior\u00e9s avec des mises \u00e0 jour mineures. Le mobilier est inclus dans le prix demand\u00e9, ce qui simplifie l&#8217;emm\u00e9nagement. <\/p>\n<p>Le d\u00e9veloppement <a href=\"https:\/\/lisbonproperty.com\/fr\/amenagements\/pedras-negras-house-ando-living\/\">Pedras Negras House &#8211; Ando Living<\/a> garantit une pleine propri\u00e9t\u00e9, offrant une tranquillit\u00e9 d&#8217;esprit suppl\u00e9mentaire. Le prix demand\u00e9 pour cet appartement est \u20ac 830 000.<\/p>\n","protected":false},"featured_media":37352,"template":"","meta":[],"class_list":["post-36976","homes","type-homes","status-publish","has-post-thumbnail","hentry"],"_links":{"self":[{"href":"https:\/\/lisbonproperty.com\/fr\/wp-json\/wp\/v2\/homes\/36976","targetHints":{"allow":["GET"]}}],"collection":[{"href":"https:\/\/lisbonproperty.com\/fr\/wp-json\/wp\/v2\/homes"}],"about":[{"href":"https:\/\/lisbonproperty.com\/fr\/wp-json\/wp\/v2\/types\/homes"}],"wp:featuredmedia":[{"embeddable":true,"href":"https:\/\/lisbonproperty.com\/fr\/wp-json\/wp\/v2\/media\/37352"}],"wp:attachment":[{"href":"https:\/\/lisbonproperty.com\/fr\/wp-json\/wp\/v2\/media?parent=36976"}],"curies":[{"name":"wp","href":"https:\/\/api.w.org\/{rel}","templated":true}]}}

Appartement 1 chambre à vendre à Pedras Negras House &#8211; Ando Living, Alfama, Lisbonne &bull; ARE39596

<p><a href="https://lisbonproperty.com/fr/maisons/appartements/">Appartement</a> à vendre dans <a href="https://lisbonproperty.com/fr/maisons/alfama/">Alfama</a>, <a href="https://lisbonproperty.com/fr/maisons/lisbonne/">Lisbonne</a>, Greater Lisbon, Portugal, avec 1 chambre et vue ville. Immeuble résidentiel Premium. Cet appartement de plain-pied est situé au deuxième étage et offre une surface intérieure de 88 m². Construit en 2027, il bénéficie d&#8217;une orientation ouest, maximisant l&#8217;ensoleillement naturel. </p>
<p>L&#8217;appartement comprend une piscine extérieure et un jardin, offrant des espaces extérieurs agréables pour se détendre. Les panneaux solaires installés pour le chauffage de l&#8217;eau contribuent à l&#8217;efficacité énergétique, classée avec une bonne efficacité, et peuvent souvent être améliorés avec des mises à jour mineures. Le mobilier est inclus dans le prix demandé, ce qui simplifie l&#8217;emménagement. </p>
<p>Le développement <a href="https://lisbonproperty.com/fr/amenagements/pedras-negras-house-ando-living/">Pedras Negras House &#8211; Ando Living</a> garantit une pleine propriété, offrant une tranquillité d&#8217;esprit supplémentaire. Le prix demandé pour cet appartement est € 830 000.</p>
