
{"id":36972,"date":"2026-02-04T12:20:19","date_gmt":"2026-02-04T12:20:19","guid":{"rendered":"https:\/\/lisbonproperty.com\/fr\/maisons\/appartement-1-chambre-a-vendre-a-pedras-negras-house-ando-living-alfama-lisbonne-2\/"},"modified":"2026-02-23T18:42:12","modified_gmt":"2026-02-23T18:42:12","slug":"appartement-1-chambre-a-vendre-a-pedras-negras-house-ando-living-alfama-lisbonne-are39597","status":"publish","type":"homes","link":"https:\/\/lisbonproperty.com\/fr\/maisons\/appartement-1-chambre-a-vendre-a-pedras-negras-house-ando-living-alfama-lisbonne-are39597\/","title":{"rendered":"Appartement 1 chambre \u00e0 vendre \u00e0 Pedras Negras House &#8211; Ando Living, Alfama, Lisbonne &bull; ARE39597"},"content":{"rendered":"<p><a href=\"https:\/\/lisbonproperty.com\/fr\/maisons\/appartements\/\">Appartement<\/a> \u00e0 vendre dans <a href=\"https:\/\/lisbonproperty.com\/fr\/maisons\/alfama\/\">Alfama<\/a>, <a href=\"https:\/\/lisbonproperty.com\/fr\/maisons\/lisbonne\/\">Lisbonne<\/a>, Grand Lisbonne, Portugal, avec 1 chambre et vue ville. Immeuble r\u00e9sidentiel Premium.<\/p>\n<p>Cet appartement de plain-pied au troisi\u00e8me \u00e9tage fait partie du d\u00e9veloppement <a href=\"https:\/\/lisbonproperty.com\/fr\/amenagements\/pedras-negras-house-ando-living\/\">Pedras Negras House &#8211; Ando Living<\/a> et comprend 87 m\u00e8tres carr\u00e9s d&#8217;espace int\u00e9rieur avec une salle de bains. La propri\u00e9t\u00e9 est orient\u00e9e ouest et dispose de balcons totalisant 10,3 m\u00e8tres carr\u00e9s, offrant un espace ext\u00e9rieur priv\u00e9 pour se d\u00e9tendre.<\/p>\n<p>Ce logement neuf, dont l&#8217;ach\u00e8vement est pr\u00e9vu en 2027, comprend une piscine ext\u00e9rieure et un jardin communs. La propri\u00e9t\u00e9 est \u00e9quip\u00e9e de panneaux solaires pour le chauffage de l&#8217;eau, d\u00e9montrant un engagement envers l&#8217;efficacit\u00e9 \u00e9nerg\u00e9tique. Le mobilier est inclus dans le prix demand\u00e9, permettant aux acheteurs d&#8217;emm\u00e9nager facilement.<\/p>\n<p>Situ\u00e9e dans le quartier historique d&#8217;Alfama, cette propri\u00e9t\u00e9 offre un acc\u00e8s privil\u00e9gi\u00e9 au charme authentique de Lisbonne tout en b\u00e9n\u00e9ficiant d&#8217;\u00e9quipements modernes. La propri\u00e9t\u00e9 est vendue en pleine propri\u00e9t\u00e9. Le prix demand\u00e9 pour cet appartement est \u20ac 845 000.<\/p>\n","protected":false},"featured_media":37446,"template":"","meta":[],"class_list":["post-36972","homes","type-homes","status-publish","has-post-thumbnail","hentry"],"_links":{"self":[{"href":"https:\/\/lisbonproperty.com\/fr\/wp-json\/wp\/v2\/homes\/36972","targetHints":{"allow":["GET"]}}],"collection":[{"href":"https:\/\/lisbonproperty.com\/fr\/wp-json\/wp\/v2\/homes"}],"about":[{"href":"https:\/\/lisbonproperty.com\/fr\/wp-json\/wp\/v2\/types\/homes"}],"wp:featuredmedia":[{"embeddable":true,"href":"https:\/\/lisbonproperty.com\/fr\/wp-json\/wp\/v2\/media\/37446"}],"wp:attachment":[{"href":"https:\/\/lisbonproperty.com\/fr\/wp-json\/wp\/v2\/media?parent=36972"}],"curies":[{"name":"wp","href":"https:\/\/api.w.org\/{rel}","templated":true}]}}

Appartement 1 chambre à vendre à Pedras Negras House &#8211; Ando Living, Alfama, Lisbonne &bull; ARE39597

<p><a href="https://lisbonproperty.com/fr/maisons/appartements/">Appartement</a> à vendre dans <a href="https://lisbonproperty.com/fr/maisons/alfama/">Alfama</a>, <a href="https://lisbonproperty.com/fr/maisons/lisbonne/">Lisbonne</a>, Grand Lisbonne, Portugal, avec 1 chambre et vue ville. Immeuble résidentiel Premium.</p>
<p>Cet appartement de plain-pied au troisième étage fait partie du développement <a href="https://lisbonproperty.com/fr/amenagements/pedras-negras-house-ando-living/">Pedras Negras House &#8211; Ando Living</a> et comprend 87 mètres carrés d&#8217;espace intérieur avec une salle de bains. La propriété est orientée ouest et dispose de balcons totalisant 10,3 mètres carrés, offrant un espace extérieur privé pour se détendre.</p>
<p>Ce logement neuf, dont l&#8217;achèvement est prévu en 2027, comprend une piscine extérieure et un jardin communs. La propriété est équipée de panneaux solaires pour le chauffage de l&#8217;eau, démontrant un engagement envers l&#8217;efficacité énergétique. Le mobilier est inclus dans le prix demandé, permettant aux acheteurs d&#8217;emménager facilement.</p>
<p>Située dans le quartier historique d&#8217;Alfama, cette propriété offre un accès privilégié au charme authentique de Lisbonne tout en bénéficiant d&#8217;équipements modernes. La propriété est vendue en pleine propriété. Le prix demandé pour cet appartement est € 845 000.</p>
