
{"id":3270,"date":"2024-04-14T10:32:44","date_gmt":"2024-04-14T10:32:44","guid":{"rendered":"https:\/\/lisbonproperty.com\/fr\/maisons\/appartement-a-vendre-a-infante-residence-estrela-lisbonne-8\/"},"modified":"2026-02-23T18:28:27","modified_gmt":"2026-02-23T18:28:27","slug":"appartement-a-vendre-a-infante-residence-estrela-lisbonne-are32178","status":"publish","type":"homes","link":"https:\/\/lisbonproperty.com\/fr\/maisons\/appartement-a-vendre-a-infante-residence-estrela-lisbonne-are32178\/","title":{"rendered":"Appartement 2 chambres \u00e0 vendre \u00e0 Infante Residence, Estrela, Lisbonne &bull; ARE32178"},"content":{"rendered":"<p><a href=\"https:\/\/lisbonproperty.com\/fr\/maisons\/appartements\/\">Appartement<\/a> \u00e0 vendre \u00e0 <a href=\"https:\/\/lisbonproperty.com\/fr\/maisons\/estrela\/\">Estrela<\/a>, <a href=\"https:\/\/lisbonproperty.com\/fr\/maisons\/lisbonne\/\">Lisbonne<\/a>, Grand Lisbonne, Portugal, avec 2 chambres et vue rivi\u00e8re. Immeuble r\u00e9sidentiel Premium. <\/p>\n<p>Cet appartement de plain-pied est situ\u00e9 au septi\u00e8me \u00e9tage de l&#8217;<a href=\"https:\/\/lisbonproperty.com\/fr\/amenagements\/infante-residence\/\">Infante Residence<\/a>. Il offre une surface int\u00e9rieure de 115,95 m\u00b2, ce qui permet un espace de vie confortable et spacieux. L&#8217;appartement comprend trois salles de bains, ce qui est id\u00e9al pour le confort des r\u00e9sidents et des invit\u00e9s. <\/p>\n<p>Parmi les caract\u00e9ristiques notables, on trouve une piscine ext\u00e9rieure, parfaite pour se d\u00e9tendre pendant les mois chauds. L&#8217;appartement est orient\u00e9 \u00e0 l&#8217;est, ce qui assure une belle lumi\u00e8re naturelle le matin. Il est \u00e9quip\u00e9 de panneaux solaires pour le chauffage de l&#8217;eau, contribuant \u00e0 une efficacit\u00e9 \u00e9nerg\u00e9tique de classe A, ce qui est bon pour l&#8217;environnement et peut souvent \u00eatre am\u00e9lior\u00e9 avec des mises \u00e0 jour mineures. <\/p>\n<p>Le garage peut accueillir une voiture, offrant une commodit\u00e9 suppl\u00e9mentaire dans cette zone urbaine. La propri\u00e9t\u00e9 est en pleine propri\u00e9t\u00e9, ce qui garantit une tranquillit\u00e9 d&#8217;esprit pour l&#8217;acheteur. Le prix demand\u00e9 pour cet appartement est \u20ac 910 000.<\/p>\n","protected":false},"featured_media":4659,"template":"","meta":[],"class_list":["post-3270","homes","type-homes","status-publish","has-post-thumbnail","hentry"],"_links":{"self":[{"href":"https:\/\/lisbonproperty.com\/fr\/wp-json\/wp\/v2\/homes\/3270","targetHints":{"allow":["GET"]}}],"collection":[{"href":"https:\/\/lisbonproperty.com\/fr\/wp-json\/wp\/v2\/homes"}],"about":[{"href":"https:\/\/lisbonproperty.com\/fr\/wp-json\/wp\/v2\/types\/homes"}],"wp:featuredmedia":[{"embeddable":true,"href":"https:\/\/lisbonproperty.com\/fr\/wp-json\/wp\/v2\/media\/4659"}],"wp:attachment":[{"href":"https:\/\/lisbonproperty.com\/fr\/wp-json\/wp\/v2\/media?parent=3270"}],"curies":[{"name":"wp","href":"https:\/\/api.w.org\/{rel}","templated":true}]}}

Appartement 2 chambres à vendre à Infante Residence, Estrela, Lisbonne &bull; ARE32178

<p><a href="https://lisbonproperty.com/fr/maisons/appartements/">Appartement</a> à vendre à <a href="https://lisbonproperty.com/fr/maisons/estrela/">Estrela</a>, <a href="https://lisbonproperty.com/fr/maisons/lisbonne/">Lisbonne</a>, Grand Lisbonne, Portugal, avec 2 chambres et vue rivière. Immeuble résidentiel Premium. </p>
<p>Cet appartement de plain-pied est situé au septième étage de l&#8217;<a href="https://lisbonproperty.com/fr/amenagements/infante-residence/">Infante Residence</a>. Il offre une surface intérieure de 115,95 m², ce qui permet un espace de vie confortable et spacieux. L&#8217;appartement comprend trois salles de bains, ce qui est idéal pour le confort des résidents et des invités. </p>
<p>Parmi les caractéristiques notables, on trouve une piscine extérieure, parfaite pour se détendre pendant les mois chauds. L&#8217;appartement est orienté à l&#8217;est, ce qui assure une belle lumière naturelle le matin. Il est équipé de panneaux solaires pour le chauffage de l&#8217;eau, contribuant à une efficacité énergétique de classe A, ce qui est bon pour l&#8217;environnement et peut souvent être amélioré avec des mises à jour mineures. </p>
<p>Le garage peut accueillir une voiture, offrant une commodité supplémentaire dans cette zone urbaine. La propriété est en pleine propriété, ce qui garantit une tranquillité d&#8217;esprit pour l&#8217;acheteur. Le prix demandé pour cet appartement est € 910 000.</p>
