
{"id":22769,"date":"2025-10-16T11:17:48","date_gmt":"2025-10-16T11:17:48","guid":{"rendered":"https:\/\/lisbonproperty.com\/fr\/maisons\/appartement-a-vendre-a-tomas-ribeiro-79-avenidas-novas-lisbonne-4\/"},"modified":"2026-02-23T18:37:05","modified_gmt":"2026-02-23T18:37:05","slug":"appartement-a-vendre-a-tomas-ribeiro-79-avenidas-novas-lisbonne-are36054","status":"publish","type":"homes","link":"https:\/\/lisbonproperty.com\/fr\/maisons\/appartement-a-vendre-a-tomas-ribeiro-79-avenidas-novas-lisbonne-are36054\/","title":{"rendered":"Appartement 3 chambres \u00e0 vendre \u00e0 Tom\u00e1s Ribeiro 79, Avenidas Novas, Lisbonne &bull; ARE36054"},"content":{"rendered":"<p><a href=\"https:\/\/lisbonproperty.com\/fr\/maisons\/appartements\/\">Appartement<\/a> \u00e0 vendre dans <a href=\"https:\/\/lisbonproperty.com\/fr\/maisons\/avenidas-novas\/\">Avenidas Novas<\/a>, <a href=\"https:\/\/lisbonproperty.com\/fr\/maisons\/lisbonne\/\">Lisbonne<\/a>, Grand Lisbonne, Portugal, avec 3 chambres et vue ville. Immeuble r\u00e9sidentiel Premium.<\/p>\n<p>Cet appartement de plain-pied est situ\u00e9 au deuxi\u00e8me \u00e9tage et offre une surface int\u00e9rieure de 189 m\u00b2. Il fait partie du d\u00e9veloppement <a href=\"https:\/\/lisbonproperty.com\/fr\/amenagements\/tomas-ribeiro-79\/\">Tom\u00e1s Ribeiro 79<\/a>, pr\u00e9vu pour \u00eatre achev\u00e9 en 2026. L&#8217;appartement comprend 4 salles de bains et est orient\u00e9 \u00e0 l&#8217;est, ce qui permet de profiter de la lumi\u00e8re naturelle tout au long de la journ\u00e9e.<\/p>\n<p>Les installations comprennent une piscine int\u00e9rieure, id\u00e9ale pour se d\u00e9tendre toute l&#8217;ann\u00e9e, et un sauna pour un confort suppl\u00e9mentaire. L&#8217;appartement dispose \u00e9galement de balcons, offrant des espaces ext\u00e9rieurs priv\u00e9s. Pour le stationnement, il y a un garage avec deux places disponibles, ainsi qu&#8217;un espace de rangement suppl\u00e9mentaire. Les panneaux solaires install\u00e9s servent au chauffage de l&#8217;eau, contribuant \u00e0 une efficacit\u00e9 \u00e9nerg\u00e9tique de classe A+.<\/p>\n<p>L&#8217;appartement est en pleine propri\u00e9t\u00e9 et est \u00e9quip\u00e9 pour r\u00e9pondre aux besoins modernes avec des installations de haute qualit\u00e9. Le prix demand\u00e9 pour cet appartement est \u20ac 2 490 000.<\/p>\n","protected":false},"featured_media":24221,"template":"","meta":[],"class_list":["post-22769","homes","type-homes","status-publish","has-post-thumbnail","hentry"],"_links":{"self":[{"href":"https:\/\/lisbonproperty.com\/fr\/wp-json\/wp\/v2\/homes\/22769","targetHints":{"allow":["GET"]}}],"collection":[{"href":"https:\/\/lisbonproperty.com\/fr\/wp-json\/wp\/v2\/homes"}],"about":[{"href":"https:\/\/lisbonproperty.com\/fr\/wp-json\/wp\/v2\/types\/homes"}],"wp:featuredmedia":[{"embeddable":true,"href":"https:\/\/lisbonproperty.com\/fr\/wp-json\/wp\/v2\/media\/24221"}],"wp:attachment":[{"href":"https:\/\/lisbonproperty.com\/fr\/wp-json\/wp\/v2\/media?parent=22769"}],"curies":[{"name":"wp","href":"https:\/\/api.w.org\/{rel}","templated":true}]}}

Appartement 3 chambres à vendre à Tomás Ribeiro 79, Avenidas Novas, Lisbonne &bull; ARE36054

<p><a href="https://lisbonproperty.com/fr/maisons/appartements/">Appartement</a> à vendre dans <a href="https://lisbonproperty.com/fr/maisons/avenidas-novas/">Avenidas Novas</a>, <a href="https://lisbonproperty.com/fr/maisons/lisbonne/">Lisbonne</a>, Grand Lisbonne, Portugal, avec 3 chambres et vue ville. Immeuble résidentiel Premium.</p>
<p>Cet appartement de plain-pied est situé au deuxième étage et offre une surface intérieure de 189 m². Il fait partie du développement <a href="https://lisbonproperty.com/fr/amenagements/tomas-ribeiro-79/">Tomás Ribeiro 79</a>, prévu pour être achevé en 2026. L&#8217;appartement comprend 4 salles de bains et est orienté à l&#8217;est, ce qui permet de profiter de la lumière naturelle tout au long de la journée.</p>
<p>Les installations comprennent une piscine intérieure, idéale pour se détendre toute l&#8217;année, et un sauna pour un confort supplémentaire. L&#8217;appartement dispose également de balcons, offrant des espaces extérieurs privés. Pour le stationnement, il y a un garage avec deux places disponibles, ainsi qu&#8217;un espace de rangement supplémentaire. Les panneaux solaires installés servent au chauffage de l&#8217;eau, contribuant à une efficacité énergétique de classe A+.</p>
<p>L&#8217;appartement est en pleine propriété et est équipé pour répondre aux besoins modernes avec des installations de haute qualité. Le prix demandé pour cet appartement est € 2 490 000.</p>
