
{"id":44015,"date":"2026-03-27T12:33:42","date_gmt":"2026-03-27T12:33:42","guid":{"rendered":"https:\/\/lisbonproperty.com\/fr\/amenagements\/apolonia-collection\/"},"modified":"2026-04-09T17:40:18","modified_gmt":"2026-04-09T17:40:18","slug":"apolonia-collection","status":"publish","type":"developments","link":"https:\/\/lisbonproperty.com\/fr\/residences\/apolonia-collection\/","title":{"rendered":"Apol\u00f3nia Collection"},"content":{"rendered":"<figure class=\"wp-block-image\"><img src=\"https:\/\/lisbonproperty.com\/fr\/wp-content\/uploads\/2026\/03\/development-apolonia-collection-featured.jpg\" width=\"1600\" height=\"1067\" class=\"wp-image-44016\" alt=\"\" srcset=\"https:\/\/lisbonproperty.com\/fr\/wp-content\/uploads\/2026\/03\/development-apolonia-collection-featured-125x83.jpg 125w, https:\/\/lisbonproperty.com\/fr\/wp-content\/uploads\/2026\/03\/development-apolonia-collection-featured-150x150.jpg 150w, https:\/\/lisbonproperty.com\/fr\/wp-content\/uploads\/2026\/03\/development-apolonia-collection-featured-300x200.jpg 300w, https:\/\/lisbonproperty.com\/fr\/wp-content\/uploads\/2026\/03\/development-apolonia-collection-featured-430x293.jpg 430w, https:\/\/lisbonproperty.com\/fr\/wp-content\/uploads\/2026\/03\/development-apolonia-collection-featured-768x512.jpg 768w, https:\/\/lisbonproperty.com\/fr\/wp-content\/uploads\/2026\/03\/development-apolonia-collection-featured-880x586.jpg 880w, https:\/\/lisbonproperty.com\/fr\/wp-content\/uploads\/2026\/03\/development-apolonia-collection-featured.jpg 1600w\" sizes=\"(max-width: 1600px) 100vw, 1600px\" loading=\"eager\" decoding=\"async\" fetchpriority=\"high\"><figcaption>Apol\u00f3nia Collection, a real estate development in Lisbon<\/figcaption><\/figure>\n<div class=\"development-description\">\n<p>\n    <strong>Apol\u00f3nia Collection<\/strong> est un projet r\u00e9sidentiel situ\u00e9 dans le quartier de <strong>Santa Apol\u00f3nia<\/strong> \u00e0 Lisbonne. Con\u00e7u par l&#8217;architecte <strong>Tiago Silva Dias<\/strong>, ce b\u00e2timent de quatre \u00e9tages propose 10 unit\u00e9s r\u00e9sidentielles de qualit\u00e9 standard, b\u00e9n\u00e9ficiant d&#8217;une <strong>Certification \u00c9nerg\u00e9tique B-<\/strong> adapt\u00e9e aux exigences de confort en centre-ville.\n  <\/p>\n<p>\n    Les logements disposent d&#8217;une orientation solaire <strong>nord et sud<\/strong>, offrant une luminosit\u00e9 constante et des vues d\u00e9gag\u00e9es sur la ville et le Tage. Ce d\u00e9veloppement en <strong>copropri\u00e9t\u00e9 s\u00e9curis\u00e9e<\/strong> se distingue par ses installations de loisirs, notamment une <strong>piscine et des jardins<\/strong>, compl\u00e9t\u00e9es par des espaces ext\u00e9rieurs privatifs (balcons et terrasses). Chaque unit\u00e9 est dot\u00e9e d&#8217;un syst\u00e8me de climatisation.\n  <\/p>\n<p>\n    B\u00e9n\u00e9ficiant d&#8217;un emplacement strat\u00e9gique en centre-ville, \u00e0 proximit\u00e9 imm\u00e9diate des commodit\u00e9s, le projet assure une excellente accessibilit\u00e9. Il est situ\u00e9 \u00e0 quelques minutes de l&#8217;<strong>H\u00f4pital de S\u00e3o Jos\u00e9<\/strong>, de l&#8217;<strong>ISPA \u2013 Institut Universitaire<\/strong> et d&#8217;\u00e9tablissements renomm\u00e9s comme le <strong>Lyc\u00e9e Fran\u00e7ais Charles Lepierre<\/strong>, offrant ainsi une solution de vie urbaine connect\u00e9e et fonctionnelle.\n  <\/p>\n<\/div>\n","protected":false},"featured_media":44016,"template":"","meta":[],"development_location":[],"class_list":["post-44015","developments","type-developments","status-publish","has-post-thumbnail","hentry"],"_links":{"self":[{"href":"https:\/\/lisbonproperty.com\/fr\/wp-json\/wp\/v2\/developments\/44015","targetHints":{"allow":["GET"]}}],"collection":[{"href":"https:\/\/lisbonproperty.com\/fr\/wp-json\/wp\/v2\/developments"}],"about":[{"href":"https:\/\/lisbonproperty.com\/fr\/wp-json\/wp\/v2\/types\/developments"}],"wp:featuredmedia":[{"embeddable":true,"href":"https:\/\/lisbonproperty.com\/fr\/wp-json\/wp\/v2\/media\/44016"}],"wp:attachment":[{"href":"https:\/\/lisbonproperty.com\/fr\/wp-json\/wp\/v2\/media?parent=44015"}],"wp:term":[{"taxonomy":"development_location","embeddable":true,"href":"https:\/\/lisbonproperty.com\/fr\/wp-json\/wp\/v2\/development_location?post=44015"}],"curies":[{"name":"wp","href":"https:\/\/api.w.org\/{rel}","templated":true}]}}

Apolónia Collection

<figure class="wp-block-image"><img src="https://lisbonproperty.com/fr/wp-content/uploads/2026/03/development-apolonia-collection-featured.jpg" width="1600" height="1067" class="wp-image-44016" alt="" srcset="https://lisbonproperty.com/fr/wp-content/uploads/2026/03/development-apolonia-collection-featured-125x83.jpg 125w, https://lisbonproperty.com/fr/wp-content/uploads/2026/03/development-apolonia-collection-featured-150x150.jpg 150w, https://lisbonproperty.com/fr/wp-content/uploads/2026/03/development-apolonia-collection-featured-300x200.jpg 300w, https://lisbonproperty.com/fr/wp-content/uploads/2026/03/development-apolonia-collection-featured-430x293.jpg 430w, https://lisbonproperty.com/fr/wp-content/uploads/2026/03/development-apolonia-collection-featured-768x512.jpg 768w, https://lisbonproperty.com/fr/wp-content/uploads/2026/03/development-apolonia-collection-featured-880x586.jpg 880w, https://lisbonproperty.com/fr/wp-content/uploads/2026/03/development-apolonia-collection-featured.jpg 1600w" sizes="(max-width: 1600px) 100vw, 1600px" loading="eager" decoding="async" fetchpriority="high"><figcaption>Apolónia Collection, a real estate development in Lisbon</figcaption></figure>
<div class="development-description">
<p>
    <strong>Apolónia Collection</strong> est un projet résidentiel situé dans le quartier de <strong>Santa Apolónia</strong> à Lisbonne. Conçu par l&#8217;architecte <strong>Tiago Silva Dias</strong>, ce bâtiment de quatre étages propose 10 unités résidentielles de qualité standard, bénéficiant d&#8217;une <strong>Certification Énergétique B-</strong> adaptée aux exigences de confort en centre-ville.
  </p>
<p>
    Les logements disposent d&#8217;une orientation solaire <strong>nord et sud</strong>, offrant une luminosité constante et des vues dégagées sur la ville et le Tage. Ce développement en <strong>copropriété sécurisée</strong> se distingue par ses installations de loisirs, notamment une <strong>piscine et des jardins</strong>, complétées par des espaces extérieurs privatifs (balcons et terrasses). Chaque unité est dotée d&#8217;un système de climatisation.
  </p>
<p>
    Bénéficiant d&#8217;un emplacement stratégique en centre-ville, à proximité immédiate des commodités, le projet assure une excellente accessibilité. Il est situé à quelques minutes de l&#8217;<strong>Hôpital de São José</strong>, de l&#8217;<strong>ISPA – Institut Universitaire</strong> et d&#8217;établissements renommés comme le <strong>Lycée Français Charles Lepierre</strong>, offrant ainsi une solution de vie urbaine connectée et fonctionnelle.
  </p>
</div>
