
{"id":385,"date":"2025-01-31T15:54:19","date_gmt":"2025-01-31T15:54:19","guid":{"rendered":"https:\/\/lisbonproperty.com\/fr\/amenagements\/borges-181\/"},"modified":"2026-04-09T17:39:46","modified_gmt":"2026-04-09T17:39:46","slug":"borges-181","status":"publish","type":"developments","link":"https:\/\/lisbonproperty.com\/fr\/residences\/borges-181\/","title":{"rendered":"Borges 181"},"content":{"rendered":"<figure class=\"wp-block-image\"><img src=\"https:\/\/lisbonproperty.com\/fr\/wp-content\/uploads\/2025\/12\/development-borges-181-featured.jpg\" width=\"1599\" height=\"1066\" class=\"wp-image-386\" alt=\"D\u00e9veloppement immobilier BORGES 181\" srcset=\"https:\/\/lisbonproperty.com\/fr\/wp-content\/uploads\/2025\/12\/development-borges-181-featured-125x83.jpg 125w, https:\/\/lisbonproperty.com\/fr\/wp-content\/uploads\/2025\/12\/development-borges-181-featured-150x150.jpg 150w, https:\/\/lisbonproperty.com\/fr\/wp-content\/uploads\/2025\/12\/development-borges-181-featured-300x200.jpg 300w, https:\/\/lisbonproperty.com\/fr\/wp-content\/uploads\/2025\/12\/development-borges-181-featured-430x293.jpg 430w, https:\/\/lisbonproperty.com\/fr\/wp-content\/uploads\/2025\/12\/development-borges-181-featured-768x512.jpg 768w, https:\/\/lisbonproperty.com\/fr\/wp-content\/uploads\/2025\/12\/development-borges-181-featured-880x586.jpg 880w, https:\/\/lisbonproperty.com\/fr\/wp-content\/uploads\/2025\/12\/development-borges-181-featured.jpg 1599w\" sizes=\"(max-width: 1599px) 100vw, 1599px\" loading=\"eager\" decoding=\"async\" fetchpriority=\"high\"><\/figure>\n<p class=\"are-home-p\">Le &#8220;Borges 181&#8221; est un <a title=\"D\u00e9veloppements immobiliers \u00e0 Lisbonne\" href=\"https:\/\/lisbonproperty.com\/fr\/residences-a-lisbonne\/\">d\u00e9veloppement r\u00e9sidentiel \u00e0 Lisbonne<\/a> dans le quartier de Campo de Ourique. Situ\u00e9 sur la rue Ferreira Borges, ce projet transforme un b\u00e2timent historique en un espace de vie contemporain. Il comprend huit appartements, tous dot\u00e9s de balcons et de finitions de haute qualit\u00e9. De mani\u00e8re pratique, un parking est disponible \u00e0 seulement 100 m\u00e8tres au Emel Parque das Sedas. Son emplacement privil\u00e9gi\u00e9 offre un acc\u00e8s facile \u00e0 des monuments embl\u00e9matiques tels que la Basilique de l&#8217;Estrela, le centre commercial Amoreiras et le Jardim das \u00c1guas Livres.<\/p>\n","protected":false},"featured_media":387,"template":"","meta":[],"development_location":[4],"class_list":["post-385","developments","type-developments","status-publish","has-post-thumbnail","hentry","development_location-lisbonne"],"_links":{"self":[{"href":"https:\/\/lisbonproperty.com\/fr\/wp-json\/wp\/v2\/developments\/385","targetHints":{"allow":["GET"]}}],"collection":[{"href":"https:\/\/lisbonproperty.com\/fr\/wp-json\/wp\/v2\/developments"}],"about":[{"href":"https:\/\/lisbonproperty.com\/fr\/wp-json\/wp\/v2\/types\/developments"}],"wp:featuredmedia":[{"embeddable":true,"href":"https:\/\/lisbonproperty.com\/fr\/wp-json\/wp\/v2\/media\/387"}],"wp:attachment":[{"href":"https:\/\/lisbonproperty.com\/fr\/wp-json\/wp\/v2\/media?parent=385"}],"wp:term":[{"taxonomy":"development_location","embeddable":true,"href":"https:\/\/lisbonproperty.com\/fr\/wp-json\/wp\/v2\/development_location?post=385"}],"curies":[{"name":"wp","href":"https:\/\/api.w.org\/{rel}","templated":true}]}}

<figure class="wp-block-image"><img src="https://lisbonproperty.com/fr/wp-content/uploads/2025/12/development-borges-181-featured.jpg" width="1599" height="1066" class="wp-image-386" alt="Développement immobilier BORGES 181" srcset="https://lisbonproperty.com/fr/wp-content/uploads/2025/12/development-borges-181-featured-125x83.jpg 125w, https://lisbonproperty.com/fr/wp-content/uploads/2025/12/development-borges-181-featured-150x150.jpg 150w, https://lisbonproperty.com/fr/wp-content/uploads/2025/12/development-borges-181-featured-300x200.jpg 300w, https://lisbonproperty.com/fr/wp-content/uploads/2025/12/development-borges-181-featured-430x293.jpg 430w, https://lisbonproperty.com/fr/wp-content/uploads/2025/12/development-borges-181-featured-768x512.jpg 768w, https://lisbonproperty.com/fr/wp-content/uploads/2025/12/development-borges-181-featured-880x586.jpg 880w, https://lisbonproperty.com/fr/wp-content/uploads/2025/12/development-borges-181-featured.jpg 1599w" sizes="(max-width: 1599px) 100vw, 1599px" loading="eager" decoding="async" fetchpriority="high"></figure>
<p class="are-home-p">Le &#8220;Borges 181&#8221; est un <a title="Développements immobiliers à Lisbonne" href="https://lisbonproperty.com/fr/residences-a-lisbonne/">développement résidentiel à Lisbonne</a> dans le quartier de Campo de Ourique. Situé sur la rue Ferreira Borges, ce projet transforme un bâtiment historique en un espace de vie contemporain. Il comprend huit appartements, tous dotés de balcons et de finitions de haute qualité. De manière pratique, un parking est disponible à seulement 100 mètres au Emel Parque das Sedas. Son emplacement privilégié offre un accès facile à des monuments emblématiques tels que la Basilique de l&#8217;Estrela, le centre commercial Amoreiras et le Jardim das Águas Livres.</p>
