
{"id":629,"date":"2023-10-31T15:58:29","date_gmt":"2023-10-31T15:58:29","guid":{"rendered":"https:\/\/lisbonproperty.com\/es\/portugal\/sao-vicente\/"},"modified":"2026-01-14T22:42:26","modified_gmt":"2026-01-14T22:42:26","slug":"sao-vicente","status":"publish","type":"portugal","link":"https:\/\/lisbonproperty.com\/es\/portugal\/sao-vicente\/","title":{"rendered":"S\u00e3o Vicente"},"content":{"rendered":"<h2>S\u00e3o Vicente, Lisboa<\/h2>\n<hr \/>\n<p>S\u00e3o Vicente es una parroquia ubicada en la parte sureste de Lisboa, conocida por el barrio de Gra\u00e7a y sus \u00e1reas residenciales hist\u00f3ricas que cuentan con casas de arquitectura portuguesa tradicional en calles estrechas, el Pante\u00f3n Nacional (iglesia barroca del siglo XVII convertida en mausoleo moderno para las tumbas de celebridades nacionales), la discoteca Lux Fr\u00e1gil frente al r\u00edo, y la hist\u00f3rica estaci\u00f3n de tren de Santa Apolonia.<\/p>\n<p>La parroquia de S\u00e3o Vicente incluye los barrios de:<\/p>\n<ul>\n<li>Gra\u00e7a, famoso por sus miradores que ofrecen vistas panor\u00e1micas de Lisboa<\/li>\n<li>el lado este de Alfama, conocido por sus calles estrechas y serpenteantes y la hist\u00f3rica escena musical del Fado.<\/li>\n<\/ul>\n<p>S\u00e3o Vicente limita con las parroquias de Santa Maria Maior al sur, Penha de Fran\u00e7a al norte y Arroios al noroeste.<\/p>\n<h2>Puntos de referencia y atracciones tur\u00edsticas de S\u00e3o Vicente<\/h2>\n<ul>\n<li>Miradouro da Gra\u00e7a<\/li>\n<li>Pante\u00f3n Nacional<\/li>\n<li>Museo del Agua<\/li>\n<li>M<br \/>\n","protected":false},"featured_media":630,"parent":0,"menu_order":0,"template":"","meta":[],"class_list":["post-629","portugal","type-portugal","status-publish","has-post-thumbnail","hentry"],"_links":{"self":[{"href":"https:\/\/lisbonproperty.com\/es\/wp-json\/wp\/v2\/portugal\/629","targetHints":{"allow":["GET"]}}],"collection":[{"href":"https:\/\/lisbonproperty.com\/es\/wp-json\/wp\/v2\/portugal"}],"about":[{"href":"https:\/\/lisbonproperty.com\/es\/wp-json\/wp\/v2\/types\/portugal"}],"wp:featuredmedia":[{"embeddable":true,"href":"https:\/\/lisbonproperty.com\/es\/wp-json\/wp\/v2\/media\/630"}],"wp:attachment":[{"href":"https:\/\/lisbonproperty.com\/es\/wp-json\/wp\/v2\/media?parent=629"}],"curies":[{"name":"wp","href":"https:\/\/api.w.org\/{rel}","templated":true}]}}

São Vicente

<h2>São Vicente, Lisboa</h2>
<hr />
<p>São Vicente es una parroquia ubicada en la parte sureste de Lisboa, conocida por el barrio de Graça y sus áreas residenciales históricas que cuentan con casas de arquitectura portuguesa tradicional en calles estrechas, el Panteón Nacional (iglesia barroca del siglo XVII convertida en mausoleo moderno para las tumbas de celebridades nacionales), la discoteca Lux Frágil frente al río, y la histórica estación de tren de Santa Apolonia.</p>
<p>La parroquia de São Vicente incluye los barrios de:</p>
<ul>
<li>Graça, famoso por sus miradores que ofrecen vistas panorámicas de Lisboa</li>
<li>el lado este de Alfama, conocido por sus calles estrechas y serpenteantes y la histórica escena musical del Fado.</li>
</ul>
<p>São Vicente limita con las parroquias de Santa Maria Maior al sur, Penha de França al norte y Arroios al noroeste.</p>
<h2>Puntos de referencia y atracciones turísticas de São Vicente</h2>
<ul>
<li>Miradouro da Graça</li>
<li>Panteón Nacional</li>
<li>Museo del Agua</li>
<li>M<br />
